et j(m) = 11*m - 67. Determine j(6).
-1
Let q(f) = -28*f + 2. What is q(-1)?
30
Let d(n) = -25*n + 128. Calculate d(6).
-22
Let q(w) = 3*w + 1. Give q(-3).
-8
Let c(i) = -55*i + 1. Calculate c(-1).
56
Let k(g) = g**3 - 4*g**2 - 9*g + 11. Give k(6).
29
Let u(p) = 23*p - 10. Determine u(0).
-10
Let x(w) = w + 1. Calculate x(5).
6
Let d(l) = l - 2. What is d(-7)?
-9
Let n(x) = -x**2 + 31*x - 148. What is n(7)?
20
Let j(w) = w**2 + 2*w + 1. Give j(-3).
4
Let i(y) = -31*y - 281. Give i(-9).
-2
Let k(p) = 12*p**2 + 28*p + 28. Calculate k(-1).
12
Let c(f) = 2*f**2 + 43*f - 72. What is c(-23)?
-3
Let m(a) = -27*a + 97. Determine m(4).
-11
Let l(o) = 2*o - 1. What is l(-4)?
-9
Let b(v) = v**2 - 21*v + 50. Determine b(18).
-4
Let r(b) = b**2 + 20*b - 59. Determine r(-24).
37
Let a(u) = -2*u - 2. Calculate a(-8).
14
Let w(s) = s**3 - 21*s**2 - 22*s + 5. Give w(22).
5
Let s(x) = -x + 10. Give s(4).
6
Let o(i) = 72*i + 659. Calculate o(-9).
11
Let z(q) = q**3 - 25*q**2 + 46*q - 1. Determine z(23).
-1
Let c(v) = -v**2 - 8*v - 22. What is c(-6)?
-10
Let o(x) = x**3 - 7*x**2 - 22*x - 7. Determine o(10).
73
Let h(w) = -16*w + 2. Give h(-3).
50
Let c(s) = s**2 + 12*s - 4. Calculate c(-12).
-4
Let f(s) = s - 4. Give f(2).
-2
Let i(s) = s**3 + 7*s**2 - 3*s + 10. Determine i(-8).
-30
Let q(o) = 2*o + 1. Give q(5).
11
Let p(f) = f**2 - 14*f + 59. What is p(17)?
110
Let q(b) = b + 4. Determine q(24).
28
Let j(i) = 20*i**3 - i + 1. Calculate j(1).
20
Let a(f) = 2*f**3 + 5*f**2 - 3*f + 1. What is a(-4)?
-35
Let u(d) = -d**3 + 8*d**2 - 9*d + 3. Determine u(7).
-11
Let c(x) = -x**3 - 12*x**2 + x + 5. Determine c(-12).
-7
Let d(q) = 5*q - 4. Calculate d(0).
-4
Let h(m) = -4*m + 45. Calculate h(12).
-3
Let v(y) = 2*y + 24. Calculate v(0).
24
Let u(x) = 28*x**3 - x**2 + 1. Calculate u(-1).
-28
Let d(f) = -2*f + 12. Calculate d(-3).
18
Let u(m) = -6*m**2 - 55*m - 14. What is u(-9)?
-5
Let p(i) = i - 4. Calculate p(-2).
-6
Let h(t) = -3*t**3 - 18*t**2 - 7*t - 10. Determine h(-6).
32
Let x(v) = -2*v**2 + 11*v - 7. Give x(7).
-28
Let g(a) = 2*a**2 - 39. Calculate g(0).
-39
Let v(p) = 14*p - 13. Calculate v(0).
-13
Let x(a) = -a**3 - 4*a**2 + 13*a + 3. Determine x(-6).
-3
Let z(l) = -l**2 + 17*l - 12. Calculate z(17).
-12
Let c(u) = -4*u**2 - 142*u - 76. What is c(-35)?
-6
Let g(r) = r**2 - 9*r - 62. Give g(-5).
8
Let j(r) = -r**2 - 15*r - 40. Calculate j(-5).
10
Let l(r) = -r**3 + 10*r**2 - 13*r - 26. Determine l(8).
-2
Let j(f) = -6*f**2 - 1. Determine j(2).
-25
Let q(x) = -3*x**3 + 3*x**2 - 2*x + 1. Calculate q(1).
-1
Let p(h) = -37*h - 305. What is p(-8)?
-9
Let f(t) = 29*t**2 + 4*t + 4. Determine f(-1).
29
Let c(o) = o**2 - 14*o + 4. What is c(14)?
4
Let a(b) = b - 9. Determine a(9).
0
Let g(s) = s**2 + 10*s + 33. What is g(-4)?
9
Let f(r) = -4*r - 41. Determine f(-12).
7
Let f(t) = -2*t**3 + 7*t**2 - t - 4. Give f(3).
2
Let n(g) = 11*g**2 - 1. Determine n(2).
43
Let i(q) = -2*q + 22. Calculate i(5).
12
Let c(g) = -9*g - 9. What is c(0)?
-9
Let o(z) = -24*z - 18. Give o(-1).
6
Let i(v) = -6*v**2 + 2*v - 6. Give i(-3).
-66
Let l(h) = h + 23. Determine l(14).
37
Let j(k) = -5*k + 1. Give j(7).
-34
Let z(x) = -10*x. Calculate z(3).
-30
Let k(y) = -y**3 - 4*y**2 + 5*y - 3. Calculate k(-5).
-3
Let d(s) = -3*s**2 - 6*s - 3. Determine d(-7).
-108
Let j(w) = w**2 + 30*w + 221. Determine j(-16).
-3
Let f(q) = -13*q + 29. Give f(4).
-23
Let k(n) = n - 101. Calculate k(19).
-82
Let j(q) = 5*q - 11. Determine j(3).
4
Let y(k) = -3*k**3 + 2*k**2 + 2*k + 1. Calculate y(-1).
4
Let p(a) = -12*a + 8. Calculate p(0).
8
Let f(c) = -12*c + 135. Determine f(11).
3
Let n(g) = -g**2 + 10*g - 6. What is n(7)?
15
Let k(m) = m + 3. What is k(12)?
15
Let h(i) = -i + 1. Calculate h(2).
-1
Let b(x) = 3*x**2 - 16*x - 11. Determine b(5).
-16
Let b(m) = m - 1. Calculate b(-4).
-5
Let s(u) = 20*u + 73. Calculate s(-4).
-7
Let q(m) = -2*m**3 + 10*m**2 + m + 14. Calculate q(5).
19
Let c(s) = s**2 - s - 39. Determine c(-6).
3
Let o(u) = u**3 + u**2 - 3*u - 5. Give o(-4).
-41
Let b(m) = -59*m - 172. Determine b(-3).
5
Let h(n) = -n**2 + 15*n + 25. What is h(17)?
-9
Let y(m) = 14*m - 98. Give y(15).
112
Let h(d) = 29*d + 232. Determine h(-8).
0
Let f(u) = 3*u**2 + 7*u + 9. Calculate f(-5).
49
Let c(s) = -2*s**2 - 29*s + 5. Calculate c(-15).
-10
Let b(k) = -k**2 + 12*k - 13. Give b(9).
14
Let x(g) = g**2 + 9*g + 17. Determine x(-6).
-1
Let y(q) = -q**3 + 6*q**2 - 24*q + 103. Calculate y(5).
8
Let q(j) = 8*j - 45. What is q(24)?
147
Let i(k) = -k**3 - 13*k**2 - 27*k - 50. Determine i(-11).
5
Let x(r) = r**3 + 11*r**2 - 41*r + 2. Give x(-14).
-12
Let g(z) = -8*z**3 - 4*z**2 - 3*z + 1. What is g(-1)?
8
Let w(i) = -i**3 - 11*i**2 - 2*i - 10. Determine w(-11).
12
Let g(v) = 31*v - 496. What is g(16)?
0
Let v(w) = -w**2 + 24*w - 26. Give v(23).
-3
Let c(k) = k**3 - 6*k**2 + k - 1. Calculate c(5).
-21
Let x(r) = -r**3 + 9*r**2 - 8*r + 1. Determine x(9).
-71
Let j(u) = -u + 1. Calculate j(-13).
14
Let i(t) = -14*t**3 - 2*t**2 + 2*t + 3. Give i(-1).
13
Let k(j) = -j**2 + 8*j - 14. What is k(6)?
-2
Let p(z) = -z**3 - 16*z**2 + 14*z + 33. Determine p(-17).
84
Let j(l) = -10*l + 60. Calculate j(9).
-30
Let r(s) = 33*s**3 + s**2 - 5*s - 5. Determine r(-1).
-32
Let t(b) = b**3 + 9*b**2 + 8*b - 9. Give t(-8).
-9
Let x(r) = r. What is x(3)?
3
Let u(l) = -l**2 + 35*l - 175. Determine u(29).
-1
Let k(s) = 2*s**3 + 50*s**2 + 92*s + 7. What is k(-23)?
7
Let c(t) = t**2 + 5*t - 7. Give c(-7).
7
Let h(k) = -k**2 - k + 51. What is h(-7)?
9
Let w(d) = 2*d**2 - 107*d + 311. Give w(3).
8
Let w(j) = -j**2 - 3. Give w(2).
-7
Let l(u) = 4*u - 56. Calculate l(13).
-4
Let z(s) = -2*s**2 + s + 6. Determine z(4).
-22
Let u(h) = -2*h**2 + 16*h - 23. Calculate u(6).
1
Let j(q) = -2*q + 17. What is j(8)?
1
Let g(v) = 2*v**3 - 9*v**2 + 10*v - 56. Give g(6).
112
Let y(h) = 2*h + 6. Calculate y(4).
14
Let o(j) = -9*j + 24. What is o(2)?
6
Let q(c) = c**3 - 9*c**2 + 7*c - 15. Determine q(7).
-64
Let p(m) = 22*m - 1324. What is p(60)?
-4
Let s(m) = -m - 36. Give s(-10).
-26
Let o(q) = q**3 - 4*q**2 - 10*q - 22. What is o(6)?
-10
Let f(l) = -17*l + 118. What is f(6)?
16
Let p(q) = -5*q**2 + 9*q + 8. Calculate p(7).
-174
Let v(f) = -10*f + 34. Determine v(15).
-116
Let s(p) = -2*p**2 + 24*p + 20. Determine s(13).
-6
Let a(z) = -z**3 + 8*z**2 - 8*z + 1. What is a(6)?
25
Let q(z) = -z + 18. Determine q(22).
-4
Let f(w) = 2*w**2 - 4*w - 11. What is f(6)?
37
Let j(s) = -s**2 + 12*s - 12. Calculate j(11).
-1
Let s(v) = 123*v - 487. Calculate s(4).
5
Let r(p) = p**2 - 5*p - 17. Give r(7).
-3
Let u(w) = -w**3 - 6*w**2 + 8*w + 16. Determine u(-7).
9
Let o(r) = 19*r - 210. What is o(11)?
-1
Let t(n) = 23*n - 278. Calculate t(14).
44
Let n(u) = 3*u**3 + u**2 + u - 1. What is n(1)?
4
Let m(l) = -l**2 - 17*l - 35. Give m(-11).
31
Let w(z) = z**2 - 4*z - 1. What is w(3)?
-4
Let w(j) = 24*j**2 - 54*j. What is w(2)?
-12
Let f(a) = 18*a**2. Calculate f(1).
18
Let w(g) = g**3 - 45*g**2 + 5*g - 226. Determine w(45).
-1
Let n(q) = -2*q**2 - 14*q - 26. Calculate n(-4).
-2
Let l(k) = -11*k**2 + 2*k - 1. Calculate l(2).
-41
Let c(d) = d**3 - 16*d**2 - 18*d + 23. Calculate c(17).
6
Let b(j) = -2*j**3 + 4*j**2 - 2*j - 1. Calculate b(3).
-25
Let c(z) = z**3 - 9*z**2 + 18*z. Determine c(4).
-8
Let c(a) = -a - 16. Give c(19).
-35
Let h(y) = 6*y + 173. Give h(-21).
47
Let t(g) = -g**2 + 11*g. Determine t(10).
10
Let q(y) = 3*y - 37. What is q(14)?
5
Let t(n) = -n**3 - n**2 + 2*n + 3. Determine t(-3).
15
Let h(d) = -7*d**2 - 41*d + 5. Calculate h(-6).
-1
Let n(u) = -u - 6. Give n(-10).
4
Let v(y) = -y**3 - 11*y**2 - 8*y - 9. Determine v(-8).
-137
Let j(a) = -a**3 - 9*a**2 + 5*a - 3. Determine j(-10).
47
Let z(c) = 3*c - 10. What is z(3)?
-1
Let b(d) = d**2 + 8*d + 24. What is b(-5)?
9
Let u(a) = -3*a - 2. Calculate u(1).
-5
Let z(d) = 23*d**2 - 2*d. Calculate z(2).
88
Let w(k) = -7*k - 1. Calculate w(1).
-8
Let j(y) = -y**2 - 29*y - 33. What is j(-28)?
-5
Let r(v) = v**2 + 20*v + 71. Calculate r(-16).
7
Let h(i) = -i**2 + 11*i - 23. Give h(10).
-13
Let u(x) = 5*x - 28. What is u(5)?
-3
Let r(b) = 7*b + 26. Determine r(-4).
-2
Let r(j) = -9*j - 88. Determine r(-9).
-7
Let l(u) = u**2 - 9*u + 13. Give l(5).
-7
Let p(u) = -u**2 - 13*u - 10. Calculate p(-14).
-24
Let v(y) = y**2 -